te number?
False
Let y(f) = -f**3 - 3*f**2 + 8*f - 6. Let d be y(-5). Is 586/d*(1 - -1) prime?
True
Let p = -64 + 45. Let s be (-1)/(-4) - 47/(-4). Let o = s - p. Is o a prime number?
True
Let i(p) be the second derivative of 25/12*p**4 + 1/2*p**2 + 0 + 1/3*p**3 + 3*p. Is i(-2) composite?
False
Suppose -5*v - 9 = -0*h - 4*h, h - 1 = 0. Let g be 2 - ((-862)/(-2) - v). Let p = 995 + g. Is p prime?
False
Suppose 2*t - t - 199 = 0. Suppose 0 = 4*o + t - 1655. Let k = o + -207. Is k a prime number?
True
Is (-4)/(-2) + -1 - 30108/(-2) composite?
True
Let m(z) = -77*z + 22. Let g(d) = -26*d + 7. Let w(i) = 17*g(i) - 6*m(i). Is w(7) a prime number?
True
Let s(i) = 268*i**2 + 26*i - 7. Is s(6) composite?
True
Suppose 42 = -4*j + 6. Let m(x) = -x**3 + 3*x**2 + 4*x - 29. Is m(j) a composite number?
False
Suppose 0 = -11*p + 8 + 91. Let t(d) = d**3 - 2*d**2 + 5*d - 1. Is t(p) composite?
True
Let c(i) = i**3 - i**2 + i + 18. Let o be c(0). Suppose -22*f + 476 = -o*f. Is f prime?
False
Suppose -m = -6*m + u + 34, -5*m - 5*u = -40. Suppose 6*w + 267 = m*w. Is w a composite number?
True
Suppose 4337 + 10229 = 2*p. Is p a prime number?
True
Suppose 5785 = 20*y - 19*y + 3*g, -4*g = -5*y + 28887. Is y prime?
True
Let s(r) = -13*r**3 + 2*r - 1. Let v be s(1). Let k be (v/(-18))/((-2)/(-3)). Is 39*(k - 40/(-12)) a prime number?
False
Let z be (-1 + 3)*6*1. Let k(c) be the first derivative of c**3/3 - 5*c**2/2 - 5*c - 7. Is k(z) a prime number?
True
Suppose -3*h + 4*t = -6*h + 9, 5*h - 5*t = 15. Is (4614/18)/(1/h) composite?
False
Suppose 0 = 7*m - 3*m - 24. Let a(j) = -5*j - 4*j**2 - 5*j + 4*j + 6*j**2 - 1. Is a(m) a composite number?
True
Let v be 14*(-2)/8*12. Let g = v + 28. Let n = 33 + g. Is n composite?
False
Suppose 2*w = -4*a + 372, 2*a - 5*w + 51 = 261. Is a a composite number?
True
Suppose 0*k = 2*k - h - 11, 5*h + 13 = -4*k. Is k - (2 - -4) - -304 prime?
False
Is ((-12774)/(6/(-1)))/(0 + 1) composite?
False
Let m be 1159 + 1 + 2 + -3. Suppose 5*v - 8469 = -4*i, 0 = 4*v + i + m - 7932. Is v prime?
True
Suppose 2*q - 2 = 18. Let a be 141/(-15) + 4/q. Let u = 13 + a. Is u a prime number?
False
Let a(s) = -4*s - 2. Let f = 16 + -17. Let x be a(f). Suppose -6 = -x*b, -c - 2*c + 4*b = -909. Is c a composite number?
False
Suppose 3*w - 68912 = -7133. Is w a prime number?
True
Let n(i) = -3999*i - 470. Is n(-15) a prime number?
False
Let q = -132 - -928. Suppose q = 3*c + c. Is c prime?
True
Suppose -j = 5*v - 0*v + 2, j + v = -6. Is 15653/77 - 2*(-1)/j a composite number?
True
Let c(o) be the third derivative of 53*o**4/12 - 11*o**3/6 - 18*o**2. Is c(2) prime?
False
Let c be 4*(-1)/4*2. Let p be 3 + c/(3 + -2). Is (0 + 1)*209/p a prime number?
False
Let w(s) = -42*s - 13. Let k be -14 + (8/1 - 4). Is w(k) a composite number?
True
Let o(c) = -c**2 + 5*c - 3. Let n be o(5). Let y be n/(-1) - 0/(-1). Is (-1)/(-3) - (-488)/y a composite number?
False
Let x = 265 - -746. Is x prime?
False
Suppose -117 - 78 = -5*n. Suppose -n = z - 4*z. Is z a composite number?
False
Suppose -4*a - 292 = -2*q, -290 = -5*q + 3*q + 5*a. Suppose c - 16 = q. Let z = c + -113. Is z a composite number?
False
Let p(x) = -31*x**3 + 6*x**2 + 6*x + 6. Let a(u) = -u**3 - u**2 - u + 1. Let z(d) = 6*a(d) + p(d). Is z(-5) a prime number?
True
Suppose -5*j = -7*j - 16. Is (-44)/(-6)*(-60)/j a prime number?
False
Suppose 4*l + 4 + 9 = 5*i, 0 = 5*l - 4*i + 5. Suppose -p + 2 = -4*x, -4 = -3*x + p - l*p. Suppose x = -6*g + 3*g + 66. Is g a composite number?
True
Let n(m) = -24*m**3 - 3*m**2 + 3. Let h = 36 - 33. Let z be (4 + (-42)/9)*h. Is n(z) prime?
False
Let l(u) = u**2. Let v(g) = g - 4. Let a be v(3). Let x(q) = -23*q**2 - 2*q - 2. Let p(s) = a*x(s) + 3*l(s). Is p(-1) a composite number?
True
Suppose 3217*o + 33859 = 3224*o. Is o a composite number?
True
Is (-26823)/(-2)*(-20)/(-6) a prime number?
False
Let s = -5053 - -8790. Is s prime?
False
Let w = -266 - -518. Let i = w - 133. Is i prime?
False
Suppose 36*r - 10*r = 288938. Is r a prime number?
True
Let t(d) = -d**3 - 10*d**2 - 16*d + 22. Suppose -5*q = -2*n - 14, 2*n + 5*q - 7*q + 26 = 0. Is t(n) composite?
True
Let v(o) = -o**3 - 8*o**2 - 16*o - 24. Let y be v(-10). Let j = -187 + y. Is j a prime number?
True
Let m = 2844 - 1853. Is m composite?
False
Let a be (-2)/(-7) + (-290)/35. Let i = a + 14. Is -15*(-19)/i*2 a composite number?
True
Let p(q) = -q**3 + 16*q**2 - q + 16. Let n be p(16). Is (-8346)/(-21) + n + 6/(-14) prime?
True
Let l = -439 + 821. Suppose 2*g - l - 516 = 0. Is g composite?
False
Suppose 2*n + 2853 = x, -x + 910 = n - 1955. Is x prime?
True
Let h(g) = g**3 + 10*g**2 - 6*g + 17. Let q be h(-7). Let f = 455 - q. Is f composite?
True
Let o(m) = 3290*m - 13. Is o(4) a composite number?
False
Let f(u) = u**3 - 2*u**2 + 15*u - 33. Is f(6) composite?
True
Suppose 8190 = -i - 8*i. Let t = i - -1443. Is t prime?
False
Let g be (-6 - (4 + -7)) + -5. Let k be (1 - 3)*12/g. Suppose 0*s - 1204 = -4*o + 3*s, -k*o + 5*s + 914 = 0. Is o prime?
False
Let o be 20*(-2 + 0 + (-60)/(-25)). Let m(q) = 11*q**2 - 6*q + 57. Is m(o) prime?
False
Let r be (-368)/(1/6*3). Let x = 464 + r. Let a = x + 537. Is a a composite number?
True
Let v(x) = 3*x + 19. Let j be v(-6). Is j*-1077*4/(-12) a composite number?
False
Let o(r) = -5*r**3 + 9*r**2 - 3*r - 10. Let h be o(-10). Suppose 5*p = 3*t + 2*p - 4431, -4*t + h = -p. Is t prime?
True
Let z(g) = 15*g**3 - g + 1. Let a be z(3). Let s = 51 + a. Suppose 4*m + 95 = d, 5*d - 2*m = s + 111. Is d a prime number?
False
Suppose -a + 76706 = 2*n, -2*n + 5*a - 76722 = -4*n. Is n prime?
True
Is (11/(-3) + 4)*(2016 + 3) a prime number?
True
Let c = 38 - 38. Suppose 2*o - 8 + 2 = c. Suppose -5*j + 5*f + 3825 = 0, o*f + 3871 - 807 = 4*j. Is j composite?
False
Let h = -487 - -769. Suppose -3*u - 2*u = 0, -4*u = -d - h. Let i = 533 + d. Is i composite?
False
Suppose -5*u = -u. Suppose 197 = 4*o + 5*i, -2*o + 7*o + i - 262 = u. Is o composite?
False
Let p(v) = v**2 - 7*v - 2. Let q be p(7). Let z be (-1)/(3/(-9)) - q. Suppose 0 = 5*c - 2*i - 199, -z*i - 66 + 212 = 4*c. Is c a composite number?
True
Is (8 - (23 - 18))/(6/99982) a prime number?
True
Let s = 996 - -1705. Is s a composite number?
True
Suppose 0 = 4*p - 2*i - 32658, -6*p + 11*p = -2*i + 40818. Suppose 20*x + p = 24*x. Is x composite?
True
Let q = -73 + 79. Suppose 31 = 5*n + q, 0 = 3*v - n - 1486. Is v a prime number?
False
Suppose 2*n + 8 = -h, -3*n - n = 20. Suppose 0 = h*d + 3*r - 1900, -4*d + 715 = -2*r - 3101. Is d prime?
True
Suppose -k + 60 = 5*a, 4*a - 13 - 26 = k. Let u(c) be the third derivative of c**6/120 - 11*c**5/60 + c**4/2 - 13*c**3/6 - 2*c**2 - 20. Is u(a) prime?
False
Let d(u) = 2*u - 140*u**3 - 3*u**2 + u**2 - u + 2. Let g = 182 + -183. Is d(g) composite?
False
Let c(x) = -x**2 - 5*x - 1. Let d be c(-4). Let l be d - (-3 - -3) - -2. Suppose -50 = -5*r + 4*a + 132, 186 = l*r - 2*a. Is r a prime number?
False
Suppose 4085 = -2*u + 7*u. Suppose -7*z + 2*z = 2750. Let m = z + u. Is m a prime number?
False
Let z(w) be the second derivative of 0*w**3 - 6*w + 0*w**4 - 23/20*w**5 + 0 + 1/2*w**2. Is z(-2) prime?
False
Let x(u) = 4*u**2 + 19*u - 71. Is x(14) a composite number?
True
Suppose -194*f + 32245 = -189*f. Is f composite?
False
Let p(u) = 2*u + 1. Let s be p(2). Suppose -2*z - 5*i - 18 = 0, -3*i - 22 = -z + s*z. Is -1*(z - -5)*-82 a prime number?
False
Suppose -3*u + 3*r + 3801 = -39015, 3*u = r + 42826. Is u a composite number?
True
Let k be (2 + (-12)/9)/(2/12). Suppose 3*i + 0*i + k*v - 1594 = 0, -1068 = -2*i - 4*v. Is i prime?
False
Suppose 0 = -0*r - r + 5189. Is r a prime number?
True
Let x = 33 - 17. Suppose x*q - 8*q = 4328. Is q composite?
False
Suppose 12468 = 10*r + 2*r. Is r composite?
False
Let c(l) = 3*l**2 + 147*l + 17. Is c(36) prime?
False
Let f(s) = 1 + s + 0*s + 19*s**2 - 3*s - 17*s**2 + 75*s**3. Let a be f(1). Suppose 0 = -c + 127 + a. Is c a prime number?
False
Let d = 9 - 6. Suppose -2*x - 15 = -d*s, 5*s = 2*x - 0 + 21. Is s + -1 + 1 + 34 prime?
True
Let o be (-14)/(-12) - 18/108. Let h be o/(4940/2468 + -2). Suppose h = 4*w - 147. Is w a composite number?
False
Let z(s) = 4*s**2 - 2*s**2 + 2*s**2 + 3*s - 19 - 3*s**2. Let v be z(-17). Suppose -f + m = -3 - v, 0 = 4*m - 4. Is f prime?
True
Suppose 3*t - 4 - 8